{"id":636,"date":"2025-05-15T07:29:06","date_gmt":"2025-05-15T06:29:06","guid":{"rendered":"https:\/\/euipobeachvolley.es\/?page_id=636"},"modified":"2025-05-15T08:05:12","modified_gmt":"2025-05-15T07:05:12","slug":"jornada-de-competicion","status":"publish","type":"page","link":"https:\/\/euipobeachvolley.es\/?page_id=636","title":{"rendered":"JORNADA DE COMPETICI\u00d3N"},"content":{"rendered":"<section class=\"wpb-content-wrapper\"><p>[vc_row content_text_aligment=\u00bbcenter\u00bb css=\u00bb.vc_custom_1714996531489{background-image: url(https:\/\/euipobeachvolley.es\/wp-content\/uploads\/2024\/05\/Playa-San-Juan-4-scaled.jpg?id=426) !important;background-position: center !important;background-repeat: no-repeat !important;background-size: cover !important;}\u00bb][vc_column][vc_empty_space height=\u00bb60px\u00bb][vc_column_text]<\/p>\n<h2 style=\"text-align: center;\"><span style=\"color: #ffffff;\">JORNADA DE COMPETICI\u00d3N<\/span><\/h2>\n<p>[\/vc_column_text][vc_empty_space height=\u00bb120px\u00bb][\/vc_column][\/vc_row][vc_row content_text_aligment=\u00bbcenter\u00bb css=\u00bb.vc_custom_1701072143741{margin-right: 10% !important;margin-left: 10% !important;}\u00bb][vc_column][vc_column_text]<\/p>\n<h2 style=\"text-align: left;\"><span style=\"color: #164194;\">HORARIOS<\/span><\/h2>\n<ul style=\"text-align: left;\">\n<li>9:00H. LLEGADA, ACREDITACI\u00d3N Y CALENTAMIENTO<\/li>\n<li>9:30H. FASE GRUPOS COMPETICI\u00d3N<\/li>\n<li>10:00H. FAMILIA &amp; INICIACI\u00d3N<\/li>\n<li>13:30h. FINALES Y ENTREGA DE PREMIOS<\/li>\n<\/ul>\n<h2 style=\"text-align: left;\"><span style=\"color: #164194;\">CALENTAMIENTO<\/span><\/h2>\n<ul>\n<li style=\"text-align: left;\">Los participantes dispondr\u00e1n de varias pistas para calentamiento<\/li>\n<li style=\"text-align: left;\">Los participantes deber\u00e1n llevarse sus propias pelotas de juego para el calentamiento<\/li>\n<\/ul>\n<h2 style=\"text-align: left;\"><span style=\"color: #164194;\">\u00c1REAS<\/span><\/h2>\n<ul>\n<li style=\"text-align: left;\">PISTAS &#8211; CALENTAMIENTO<\/li>\n<li style=\"text-align: left;\">PISTAS &#8211; INICIACI\u00d3N &amp; FAMILIA<\/li>\n<li style=\"text-align: left;\">PISTAS &#8211; COMPETICI\u00d3N<\/li>\n<li style=\"text-align: left;\">AVITUALLAMIENTO<\/li>\n<li style=\"text-align: left;\">MASAJES &amp; RECUPERACI\u00d3N<\/li>\n<\/ul>\n<p>[\/vc_column_text][vc_empty_space height=\u00bb30px\u00bb][vc_column_text]<img loading=\"lazy\" decoding=\"async\" class=\"alignnone wp-image-627 aligncenter\" src=\"https:\/\/euipobeachvolley.es\/wp-content\/uploads\/2025\/05\/EUIPO_logo_in_English.svg_.png\" alt=\"\" width=\"283\" height=\"77\" srcset=\"https:\/\/euipobeachvolley.es\/wp-content\/uploads\/2025\/05\/EUIPO_logo_in_English.svg_.png 2560w, https:\/\/euipobeachvolley.es\/wp-content\/uploads\/2025\/05\/EUIPO_logo_in_English.svg_-300x82.png 300w, https:\/\/euipobeachvolley.es\/wp-content\/uploads\/2025\/05\/EUIPO_logo_in_English.svg_-1024x279.png 1024w, https:\/\/euipobeachvolley.es\/wp-content\/uploads\/2025\/05\/EUIPO_logo_in_English.svg_-768x209.png 768w, https:\/\/euipobeachvolley.es\/wp-content\/uploads\/2025\/05\/EUIPO_logo_in_English.svg_-1536x419.png 1536w\" sizes=\"auto, (max-width: 283px) 100vw, 283px\" \/>[\/vc_column_text][vc_empty_space height=\u00bb30px\u00bb][vc_column_text]<\/p>\n<p style=\"text-align: center;\"><a href=\"https:\/\/euipo.blumm.it\/uploads\/originals\/privacy\/Organisation_events_training_and_meetings_es.pdf\" target=\"_blank\" rel=\"noopener\">AVISO LEGAL &#8211; POL\u00cdTICA DE PRIVACIDAD &#8211; COOKIES<\/a><\/p>\n<p>[\/vc_column_text][vc_empty_space height=\u00bb30px\u00bb][\/vc_column][\/vc_row]<\/p>\n<\/section>","protected":false},"excerpt":{"rendered":"<p>[vc_row content_text_aligment=\u00bbcenter\u00bb css=\u00bb.vc_custom_1714996531489{background-image: url(https:\/\/euipobeachvolley.es\/wp-content\/uploads\/2024\/05\/Playa-San-Juan-4-scaled.jpg?id=426) !important;background-position: center !important;background-repeat: no-repeat !important;background-size: cover !important;}\u00bb][vc_column][vc_empty_space height=\u00bb60px\u00bb][vc_column_text] JORNADA DE COMPETICI\u00d3N [\/vc_column_text][vc_empty_space height=\u00bb120px\u00bb][\/vc_column][\/vc_row][vc_row content_text_aligment=\u00bbcenter\u00bb css=\u00bb.vc_custom_1701072143741{margin-right: 10% !important;margin-left: 10% !important;}\u00bb][vc_column][vc_column_text] HORARIOS 9:00H. LLEGADA, ACREDITACI\u00d3N Y CALENTAMIENTO 9:30H. FASE GRUPOS COMPETICI\u00d3N 10:00H. FAMILIA &amp; INICIACI\u00d3N 13:30h. FINALES Y ENTREGA DE PREMIOS CALENTAMIENTO Los [&hellip;]<\/p>\n","protected":false},"author":1,"featured_media":0,"parent":0,"menu_order":0,"comment_status":"closed","ping_status":"closed","template":"full-width.php","meta":{"footnotes":""},"class_list":["post-636","page","type-page","status-publish","hentry"],"yoast_head":"<!-- This site is optimized with the Yoast SEO plugin v27.3 - https:\/\/yoast.com\/product\/yoast-seo-wordpress\/ -->\n<title>JORNADA DE COMPETICI\u00d3N - EUIPO BEACH VOLLEY TOURNAMENT ALICANTE 2024<\/title>\n<meta name=\"robots\" content=\"index, follow, max-snippet:-1, max-image-preview:large, max-video-preview:-1\" \/>\n<link rel=\"canonical\" href=\"https:\/\/euipobeachvolley.es\/?page_id=636\" \/>\n<meta property=\"og:locale\" content=\"es_ES\" \/>\n<meta property=\"og:type\" content=\"article\" \/>\n<meta property=\"og:title\" content=\"JORNADA DE COMPETICI\u00d3N - EUIPO BEACH VOLLEY TOURNAMENT ALICANTE 2024\" \/>\n<meta property=\"og:description\" content=\"[vc_row content_text_aligment=\u00bbcenter\u00bb css=\u00bb.vc_custom_1714996531489{background-image: url(https:\/\/euipobeachvolley.es\/wp-content\/uploads\/2024\/05\/Playa-San-Juan-4-scaled.jpg?id=426) !important;background-position: center !important;background-repeat: no-repeat !important;background-size: cover !important;}\u00bb][vc_column][vc_empty_space height=\u00bb60px\u00bb][vc_column_text] JORNADA DE COMPETICI\u00d3N [\/vc_column_text][vc_empty_space height=\u00bb120px\u00bb][\/vc_column][\/vc_row][vc_row content_text_aligment=\u00bbcenter\u00bb css=\u00bb.vc_custom_1701072143741{margin-right: 10% !important;margin-left: 10% !important;}\u00bb][vc_column][vc_column_text] HORARIOS 9:00H. LLEGADA, ACREDITACI\u00d3N Y CALENTAMIENTO 9:30H. FASE GRUPOS COMPETICI\u00d3N 10:00H. FAMILIA &amp; INICIACI\u00d3N 13:30h. FINALES Y ENTREGA DE PREMIOS CALENTAMIENTO Los [&hellip;]\" \/>\n<meta property=\"og:url\" content=\"https:\/\/euipobeachvolley.es\/?page_id=636\" \/>\n<meta property=\"og:site_name\" content=\"EUIPO BEACH VOLLEY TOURNAMENT ALICANTE 2024\" \/>\n<meta property=\"article:modified_time\" content=\"2025-05-15T07:05:12+00:00\" \/>\n<meta property=\"og:image\" content=\"https:\/\/euipobeachvolley.es\/wp-content\/uploads\/2025\/05\/EUIPO_logo_in_English.svg_.png\" \/>\n\t<meta property=\"og:image:width\" content=\"2560\" \/>\n\t<meta property=\"og:image:height\" content=\"698\" \/>\n\t<meta property=\"og:image:type\" content=\"image\/png\" \/>\n<meta name=\"twitter:card\" content=\"summary_large_image\" \/>\n<meta name=\"twitter:label1\" content=\"Tiempo de lectura\" \/>\n\t<meta name=\"twitter:data1\" content=\"1 minuto\" \/>\n<script type=\"application\/ld+json\" class=\"yoast-schema-graph\">{\"@context\":\"https:\\\/\\\/schema.org\",\"@graph\":[{\"@type\":\"WebPage\",\"@id\":\"https:\\\/\\\/euipobeachvolley.es\\\/?page_id=636\",\"url\":\"https:\\\/\\\/euipobeachvolley.es\\\/?page_id=636\",\"name\":\"JORNADA DE COMPETICI\u00d3N - EUIPO BEACH VOLLEY TOURNAMENT ALICANTE 2024\",\"isPartOf\":{\"@id\":\"https:\\\/\\\/euipobeachvolley.es\\\/#website\"},\"primaryImageOfPage\":{\"@id\":\"https:\\\/\\\/euipobeachvolley.es\\\/?page_id=636#primaryimage\"},\"image\":{\"@id\":\"https:\\\/\\\/euipobeachvolley.es\\\/?page_id=636#primaryimage\"},\"thumbnailUrl\":\"https:\\\/\\\/euipobeachvolley.es\\\/wp-content\\\/uploads\\\/2025\\\/05\\\/EUIPO_logo_in_English.svg_.png\",\"datePublished\":\"2025-05-15T06:29:06+00:00\",\"dateModified\":\"2025-05-15T07:05:12+00:00\",\"breadcrumb\":{\"@id\":\"https:\\\/\\\/euipobeachvolley.es\\\/?page_id=636#breadcrumb\"},\"inLanguage\":\"es\",\"potentialAction\":[{\"@type\":\"ReadAction\",\"target\":[\"https:\\\/\\\/euipobeachvolley.es\\\/?page_id=636\"]}]},{\"@type\":\"ImageObject\",\"inLanguage\":\"es\",\"@id\":\"https:\\\/\\\/euipobeachvolley.es\\\/?page_id=636#primaryimage\",\"url\":\"https:\\\/\\\/euipobeachvolley.es\\\/wp-content\\\/uploads\\\/2025\\\/05\\\/EUIPO_logo_in_English.svg_.png\",\"contentUrl\":\"https:\\\/\\\/euipobeachvolley.es\\\/wp-content\\\/uploads\\\/2025\\\/05\\\/EUIPO_logo_in_English.svg_.png\",\"width\":2560,\"height\":698},{\"@type\":\"BreadcrumbList\",\"@id\":\"https:\\\/\\\/euipobeachvolley.es\\\/?page_id=636#breadcrumb\",\"itemListElement\":[{\"@type\":\"ListItem\",\"position\":1,\"name\":\"Portada\",\"item\":\"https:\\\/\\\/euipobeachvolley.es\\\/\"},{\"@type\":\"ListItem\",\"position\":2,\"name\":\"JORNADA DE COMPETICI\u00d3N\"}]},{\"@type\":\"WebSite\",\"@id\":\"https:\\\/\\\/euipobeachvolley.es\\\/#website\",\"url\":\"https:\\\/\\\/euipobeachvolley.es\\\/\",\"name\":\"EUIPO BEACH VOLLEY TOURNAMENT ALICANTE 2024\",\"description\":\"\",\"publisher\":{\"@id\":\"https:\\\/\\\/euipobeachvolley.es\\\/#organization\"},\"potentialAction\":[{\"@type\":\"SearchAction\",\"target\":{\"@type\":\"EntryPoint\",\"urlTemplate\":\"https:\\\/\\\/euipobeachvolley.es\\\/?s={search_term_string}\"},\"query-input\":{\"@type\":\"PropertyValueSpecification\",\"valueRequired\":true,\"valueName\":\"search_term_string\"}}],\"inLanguage\":\"es\"},{\"@type\":\"Organization\",\"@id\":\"https:\\\/\\\/euipobeachvolley.es\\\/#organization\",\"name\":\"EUIPO BEACH VOLLEY TOURNAMENT ALICANTE 2024\",\"url\":\"https:\\\/\\\/euipobeachvolley.es\\\/\",\"logo\":{\"@type\":\"ImageObject\",\"inLanguage\":\"es\",\"@id\":\"https:\\\/\\\/euipobeachvolley.es\\\/#\\\/schema\\\/logo\\\/image\\\/\",\"url\":\"\",\"contentUrl\":\"\",\"caption\":\"EUIPO BEACH VOLLEY TOURNAMENT ALICANTE 2024\"},\"image\":{\"@id\":\"https:\\\/\\\/euipobeachvolley.es\\\/#\\\/schema\\\/logo\\\/image\\\/\"}}]}<\/script>\n<!-- \/ Yoast SEO plugin. -->","yoast_head_json":{"title":"JORNADA DE COMPETICI\u00d3N - EUIPO BEACH VOLLEY TOURNAMENT ALICANTE 2024","robots":{"index":"index","follow":"follow","max-snippet":"max-snippet:-1","max-image-preview":"max-image-preview:large","max-video-preview":"max-video-preview:-1"},"canonical":"https:\/\/euipobeachvolley.es\/?page_id=636","og_locale":"es_ES","og_type":"article","og_title":"JORNADA DE COMPETICI\u00d3N - EUIPO BEACH VOLLEY TOURNAMENT ALICANTE 2024","og_description":"[vc_row content_text_aligment=\u00bbcenter\u00bb css=\u00bb.vc_custom_1714996531489{background-image: url(https:\/\/euipobeachvolley.es\/wp-content\/uploads\/2024\/05\/Playa-San-Juan-4-scaled.jpg?id=426) !important;background-position: center !important;background-repeat: no-repeat !important;background-size: cover !important;}\u00bb][vc_column][vc_empty_space height=\u00bb60px\u00bb][vc_column_text] JORNADA DE COMPETICI\u00d3N [\/vc_column_text][vc_empty_space height=\u00bb120px\u00bb][\/vc_column][\/vc_row][vc_row content_text_aligment=\u00bbcenter\u00bb css=\u00bb.vc_custom_1701072143741{margin-right: 10% !important;margin-left: 10% !important;}\u00bb][vc_column][vc_column_text] HORARIOS 9:00H. LLEGADA, ACREDITACI\u00d3N Y CALENTAMIENTO 9:30H. FASE GRUPOS COMPETICI\u00d3N 10:00H. FAMILIA &amp; INICIACI\u00d3N 13:30h. FINALES Y ENTREGA DE PREMIOS CALENTAMIENTO Los [&hellip;]","og_url":"https:\/\/euipobeachvolley.es\/?page_id=636","og_site_name":"EUIPO BEACH VOLLEY TOURNAMENT ALICANTE 2024","article_modified_time":"2025-05-15T07:05:12+00:00","og_image":[{"width":2560,"height":698,"url":"https:\/\/euipobeachvolley.es\/wp-content\/uploads\/2025\/05\/EUIPO_logo_in_English.svg_.png","type":"image\/png"}],"twitter_card":"summary_large_image","twitter_misc":{"Tiempo de lectura":"1 minuto"},"schema":{"@context":"https:\/\/schema.org","@graph":[{"@type":"WebPage","@id":"https:\/\/euipobeachvolley.es\/?page_id=636","url":"https:\/\/euipobeachvolley.es\/?page_id=636","name":"JORNADA DE COMPETICI\u00d3N - EUIPO BEACH VOLLEY TOURNAMENT ALICANTE 2024","isPartOf":{"@id":"https:\/\/euipobeachvolley.es\/#website"},"primaryImageOfPage":{"@id":"https:\/\/euipobeachvolley.es\/?page_id=636#primaryimage"},"image":{"@id":"https:\/\/euipobeachvolley.es\/?page_id=636#primaryimage"},"thumbnailUrl":"https:\/\/euipobeachvolley.es\/wp-content\/uploads\/2025\/05\/EUIPO_logo_in_English.svg_.png","datePublished":"2025-05-15T06:29:06+00:00","dateModified":"2025-05-15T07:05:12+00:00","breadcrumb":{"@id":"https:\/\/euipobeachvolley.es\/?page_id=636#breadcrumb"},"inLanguage":"es","potentialAction":[{"@type":"ReadAction","target":["https:\/\/euipobeachvolley.es\/?page_id=636"]}]},{"@type":"ImageObject","inLanguage":"es","@id":"https:\/\/euipobeachvolley.es\/?page_id=636#primaryimage","url":"https:\/\/euipobeachvolley.es\/wp-content\/uploads\/2025\/05\/EUIPO_logo_in_English.svg_.png","contentUrl":"https:\/\/euipobeachvolley.es\/wp-content\/uploads\/2025\/05\/EUIPO_logo_in_English.svg_.png","width":2560,"height":698},{"@type":"BreadcrumbList","@id":"https:\/\/euipobeachvolley.es\/?page_id=636#breadcrumb","itemListElement":[{"@type":"ListItem","position":1,"name":"Portada","item":"https:\/\/euipobeachvolley.es\/"},{"@type":"ListItem","position":2,"name":"JORNADA DE COMPETICI\u00d3N"}]},{"@type":"WebSite","@id":"https:\/\/euipobeachvolley.es\/#website","url":"https:\/\/euipobeachvolley.es\/","name":"EUIPO BEACH VOLLEY TOURNAMENT ALICANTE 2024","description":"","publisher":{"@id":"https:\/\/euipobeachvolley.es\/#organization"},"potentialAction":[{"@type":"SearchAction","target":{"@type":"EntryPoint","urlTemplate":"https:\/\/euipobeachvolley.es\/?s={search_term_string}"},"query-input":{"@type":"PropertyValueSpecification","valueRequired":true,"valueName":"search_term_string"}}],"inLanguage":"es"},{"@type":"Organization","@id":"https:\/\/euipobeachvolley.es\/#organization","name":"EUIPO BEACH VOLLEY TOURNAMENT ALICANTE 2024","url":"https:\/\/euipobeachvolley.es\/","logo":{"@type":"ImageObject","inLanguage":"es","@id":"https:\/\/euipobeachvolley.es\/#\/schema\/logo\/image\/","url":"","contentUrl":"","caption":"EUIPO BEACH VOLLEY TOURNAMENT ALICANTE 2024"},"image":{"@id":"https:\/\/euipobeachvolley.es\/#\/schema\/logo\/image\/"}}]}},"_links":{"self":[{"href":"https:\/\/euipobeachvolley.es\/index.php?rest_route=\/wp\/v2\/pages\/636","targetHints":{"allow":["GET"]}}],"collection":[{"href":"https:\/\/euipobeachvolley.es\/index.php?rest_route=\/wp\/v2\/pages"}],"about":[{"href":"https:\/\/euipobeachvolley.es\/index.php?rest_route=\/wp\/v2\/types\/page"}],"author":[{"embeddable":true,"href":"https:\/\/euipobeachvolley.es\/index.php?rest_route=\/wp\/v2\/users\/1"}],"replies":[{"embeddable":true,"href":"https:\/\/euipobeachvolley.es\/index.php?rest_route=%2Fwp%2Fv2%2Fcomments&post=636"}],"version-history":[{"count":7,"href":"https:\/\/euipobeachvolley.es\/index.php?rest_route=\/wp\/v2\/pages\/636\/revisions"}],"predecessor-version":[{"id":659,"href":"https:\/\/euipobeachvolley.es\/index.php?rest_route=\/wp\/v2\/pages\/636\/revisions\/659"}],"wp:attachment":[{"href":"https:\/\/euipobeachvolley.es\/index.php?rest_route=%2Fwp%2Fv2%2Fmedia&parent=636"}],"curies":[{"name":"wp","href":"https:\/\/api.w.org\/{rel}","templated":true}]}}