{"id":472,"date":"2024-05-07T11:20:53","date_gmt":"2024-05-07T11:20:53","guid":{"rendered":"https:\/\/euipobeachvolley.es\/?page_id=472"},"modified":"2025-05-15T08:08:45","modified_gmt":"2025-05-15T07:08:45","slug":"iniciacion-al-voley","status":"publish","type":"page","link":"https:\/\/euipobeachvolley.es\/?page_id=472","title":{"rendered":"INICIACI\u00d3N"},"content":{"rendered":"<section class=\"wpb-content-wrapper\"><p>[vc_row row_content_width=\u00bbgrid\u00bb content_text_aligment=\u00bbcenter\u00bb css=\u00bb.vc_custom_1715084191118{background-position: center !important;background-repeat: no-repeat !important;background-size: cover !important;}\u00bb][vc_column][vc_column_text]<\/p>\n<h2 style=\"text-align: center;\"><span style=\"color: #164194;\">INICIACI\u00d3N AL VOLEY<\/span><\/h2>\n<p>[\/vc_column_text][vc_empty_space height=\u00bb30px\u00bb][vc_column_text]<\/p>\n<h3 class=\"\" style=\"text-align: left;\" data-start=\"107\" data-end=\"160\">\u00a1Descubre el v\u00f3ley playa en la Playa de San Juan!<\/h3>\n<p class=\"\" style=\"text-align: left;\" data-start=\"162\" data-end=\"437\">\u00bfTe apetece empezar el d\u00eda con energ\u00eda, deporte y buen ambiente? Te invitamos a participar en una ma\u00f1ana \u00fanica de <strong data-start=\"276\" data-end=\"325\">clases gratuitas de iniciaci\u00f3n al v\u00f3ley playa<\/strong>, organizadas por <strong data-start=\"343\" data-end=\"352\">EUIPO<\/strong> en uno de los entornos m\u00e1s privilegiados del Mediterr\u00e1neo: la <strong data-start=\"415\" data-end=\"436\">Playa de San Juan<\/strong>.<\/p>\n<p class=\"\" style=\"text-align: left;\" data-start=\"439\" data-end=\"722\">Una oportunidad perfecta para aprender los fundamentos de este deporte din\u00e1mico y divertido, ideal para todas las edades y niveles. No necesitas experiencia previa, solo ganas de pasarlo bien, moverte al aire libre y conectar con otras personas en un entorno saludable y estimulante.<\/p>\n<p class=\"\" style=\"text-align: left;\" data-start=\"724\" data-end=\"1025\">Practicar v\u00f3ley playa no solo mejora tu condici\u00f3n f\u00edsica \u2014resistencia, coordinaci\u00f3n, agilidad\u2014, sino que tambi\u00e9n potencia el trabajo en equipo, la concentraci\u00f3n y el bienestar emocional. Y si lo haces con el mar como tel\u00f3n de fondo, la brisa marina y el sol de Alicante, \u00a1la experiencia se multiplica!<\/p>\n<p class=\"\" style=\"text-align: left;\" data-start=\"1027\" data-end=\"1100\"><strong data-start=\"1027\" data-end=\"1062\">Inscripci\u00f3n totalmente gratuita<\/strong>. Plazas limitadas. \u00a1No te lo pierdas!<\/p>\n<p>[\/vc_column_text][\/vc_column][\/vc_row][vc_row content_text_aligment=\u00bbcenter\u00bb css=\u00bb.vc_custom_1701072143741{margin-right: 10% !important;margin-left: 10% !important;}\u00bb][vc_column][vc_empty_space height=\u00bb30px\u00bb][vc_column_text]<img loading=\"lazy\" decoding=\"async\" class=\"alignnone wp-image-627 aligncenter\" src=\"https:\/\/euipobeachvolley.es\/wp-content\/uploads\/2025\/05\/EUIPO_logo_in_English.svg_.png\" alt=\"\" width=\"283\" height=\"77\" srcset=\"https:\/\/euipobeachvolley.es\/wp-content\/uploads\/2025\/05\/EUIPO_logo_in_English.svg_.png 2560w, https:\/\/euipobeachvolley.es\/wp-content\/uploads\/2025\/05\/EUIPO_logo_in_English.svg_-300x82.png 300w, https:\/\/euipobeachvolley.es\/wp-content\/uploads\/2025\/05\/EUIPO_logo_in_English.svg_-1024x279.png 1024w, https:\/\/euipobeachvolley.es\/wp-content\/uploads\/2025\/05\/EUIPO_logo_in_English.svg_-768x209.png 768w, https:\/\/euipobeachvolley.es\/wp-content\/uploads\/2025\/05\/EUIPO_logo_in_English.svg_-1536x419.png 1536w\" sizes=\"auto, (max-width: 283px) 100vw, 283px\" \/>[\/vc_column_text][vc_empty_space height=\u00bb30px\u00bb][vc_column_text]<\/p>\n<p style=\"text-align: center;\"><a href=\"https:\/\/euipo.blumm.it\/uploads\/originals\/privacy\/Organisation_events_training_and_meetings_es.pdf\" target=\"_blank\" rel=\"noopener\">AVISO LEGAL &#8211; POL\u00cdTICA DE PRIVACIDAD &#8211; COOKIES<\/a><\/p>\n<p>[\/vc_column_text][vc_empty_space height=\u00bb30px\u00bb][\/vc_column][\/vc_row]<\/p>\n<\/section>","protected":false},"excerpt":{"rendered":"<p>[vc_row row_content_width=\u00bbgrid\u00bb content_text_aligment=\u00bbcenter\u00bb css=\u00bb.vc_custom_1715084191118{background-position: center !important;background-repeat: no-repeat !important;background-size: cover !important;}\u00bb][vc_column][vc_column_text] INICIACI\u00d3N AL VOLEY [\/vc_column_text][vc_empty_space height=\u00bb30px\u00bb][vc_column_text] \u00a1Descubre el v\u00f3ley playa en la Playa de San Juan! \u00bfTe apetece empezar el d\u00eda con energ\u00eda, deporte y buen ambiente? Te invitamos a participar en una ma\u00f1ana \u00fanica de [&hellip;]<\/p>\n","protected":false},"author":1,"featured_media":0,"parent":0,"menu_order":0,"comment_status":"closed","ping_status":"closed","template":"full-width.php","meta":{"footnotes":""},"class_list":["post-472","page","type-page","status-publish","hentry"],"yoast_head":"<!-- This site is optimized with the Yoast SEO plugin v27.3 - https:\/\/yoast.com\/product\/yoast-seo-wordpress\/ -->\n<title>INICIACI\u00d3N - EUIPO BEACH VOLLEY TOURNAMENT ALICANTE 2024<\/title>\n<meta name=\"robots\" content=\"index, follow, max-snippet:-1, max-image-preview:large, max-video-preview:-1\" \/>\n<link rel=\"canonical\" href=\"https:\/\/euipobeachvolley.es\/?page_id=472\" \/>\n<meta property=\"og:locale\" content=\"es_ES\" \/>\n<meta property=\"og:type\" content=\"article\" \/>\n<meta property=\"og:title\" content=\"INICIACI\u00d3N - EUIPO BEACH VOLLEY TOURNAMENT ALICANTE 2024\" \/>\n<meta property=\"og:description\" content=\"[vc_row row_content_width=\u00bbgrid\u00bb content_text_aligment=\u00bbcenter\u00bb css=\u00bb.vc_custom_1715084191118{background-position: center !important;background-repeat: no-repeat !important;background-size: cover !important;}\u00bb][vc_column][vc_column_text] INICIACI\u00d3N AL VOLEY [\/vc_column_text][vc_empty_space height=\u00bb30px\u00bb][vc_column_text] \u00a1Descubre el v\u00f3ley playa en la Playa de San Juan! \u00bfTe apetece empezar el d\u00eda con energ\u00eda, deporte y buen ambiente? Te invitamos a participar en una ma\u00f1ana \u00fanica de [&hellip;]\" \/>\n<meta property=\"og:url\" content=\"https:\/\/euipobeachvolley.es\/?page_id=472\" \/>\n<meta property=\"og:site_name\" content=\"EUIPO BEACH VOLLEY TOURNAMENT ALICANTE 2024\" \/>\n<meta property=\"article:modified_time\" content=\"2025-05-15T07:08:45+00:00\" \/>\n<meta property=\"og:image\" content=\"https:\/\/euipobeachvolley.es\/wp-content\/uploads\/2025\/05\/EUIPO_logo_in_English.svg_.png\" \/>\n\t<meta property=\"og:image:width\" content=\"2560\" \/>\n\t<meta property=\"og:image:height\" content=\"698\" \/>\n\t<meta property=\"og:image:type\" content=\"image\/png\" \/>\n<meta name=\"twitter:card\" content=\"summary_large_image\" \/>\n<meta name=\"twitter:label1\" content=\"Tiempo de lectura\" \/>\n\t<meta name=\"twitter:data1\" content=\"2 minutos\" \/>\n<script type=\"application\/ld+json\" class=\"yoast-schema-graph\">{\"@context\":\"https:\\\/\\\/schema.org\",\"@graph\":[{\"@type\":\"WebPage\",\"@id\":\"https:\\\/\\\/euipobeachvolley.es\\\/?page_id=472\",\"url\":\"https:\\\/\\\/euipobeachvolley.es\\\/?page_id=472\",\"name\":\"INICIACI\u00d3N - EUIPO BEACH VOLLEY TOURNAMENT ALICANTE 2024\",\"isPartOf\":{\"@id\":\"https:\\\/\\\/euipobeachvolley.es\\\/#website\"},\"primaryImageOfPage\":{\"@id\":\"https:\\\/\\\/euipobeachvolley.es\\\/?page_id=472#primaryimage\"},\"image\":{\"@id\":\"https:\\\/\\\/euipobeachvolley.es\\\/?page_id=472#primaryimage\"},\"thumbnailUrl\":\"https:\\\/\\\/euipobeachvolley.es\\\/wp-content\\\/uploads\\\/2025\\\/05\\\/EUIPO_logo_in_English.svg_.png\",\"datePublished\":\"2024-05-07T11:20:53+00:00\",\"dateModified\":\"2025-05-15T07:08:45+00:00\",\"breadcrumb\":{\"@id\":\"https:\\\/\\\/euipobeachvolley.es\\\/?page_id=472#breadcrumb\"},\"inLanguage\":\"es\",\"potentialAction\":[{\"@type\":\"ReadAction\",\"target\":[\"https:\\\/\\\/euipobeachvolley.es\\\/?page_id=472\"]}]},{\"@type\":\"ImageObject\",\"inLanguage\":\"es\",\"@id\":\"https:\\\/\\\/euipobeachvolley.es\\\/?page_id=472#primaryimage\",\"url\":\"https:\\\/\\\/euipobeachvolley.es\\\/wp-content\\\/uploads\\\/2025\\\/05\\\/EUIPO_logo_in_English.svg_.png\",\"contentUrl\":\"https:\\\/\\\/euipobeachvolley.es\\\/wp-content\\\/uploads\\\/2025\\\/05\\\/EUIPO_logo_in_English.svg_.png\",\"width\":2560,\"height\":698},{\"@type\":\"BreadcrumbList\",\"@id\":\"https:\\\/\\\/euipobeachvolley.es\\\/?page_id=472#breadcrumb\",\"itemListElement\":[{\"@type\":\"ListItem\",\"position\":1,\"name\":\"Portada\",\"item\":\"https:\\\/\\\/euipobeachvolley.es\\\/\"},{\"@type\":\"ListItem\",\"position\":2,\"name\":\"INICIACI\u00d3N\"}]},{\"@type\":\"WebSite\",\"@id\":\"https:\\\/\\\/euipobeachvolley.es\\\/#website\",\"url\":\"https:\\\/\\\/euipobeachvolley.es\\\/\",\"name\":\"EUIPO BEACH VOLLEY TOURNAMENT ALICANTE 2024\",\"description\":\"\",\"publisher\":{\"@id\":\"https:\\\/\\\/euipobeachvolley.es\\\/#organization\"},\"potentialAction\":[{\"@type\":\"SearchAction\",\"target\":{\"@type\":\"EntryPoint\",\"urlTemplate\":\"https:\\\/\\\/euipobeachvolley.es\\\/?s={search_term_string}\"},\"query-input\":{\"@type\":\"PropertyValueSpecification\",\"valueRequired\":true,\"valueName\":\"search_term_string\"}}],\"inLanguage\":\"es\"},{\"@type\":\"Organization\",\"@id\":\"https:\\\/\\\/euipobeachvolley.es\\\/#organization\",\"name\":\"EUIPO BEACH VOLLEY TOURNAMENT ALICANTE 2024\",\"url\":\"https:\\\/\\\/euipobeachvolley.es\\\/\",\"logo\":{\"@type\":\"ImageObject\",\"inLanguage\":\"es\",\"@id\":\"https:\\\/\\\/euipobeachvolley.es\\\/#\\\/schema\\\/logo\\\/image\\\/\",\"url\":\"\",\"contentUrl\":\"\",\"caption\":\"EUIPO BEACH VOLLEY TOURNAMENT ALICANTE 2024\"},\"image\":{\"@id\":\"https:\\\/\\\/euipobeachvolley.es\\\/#\\\/schema\\\/logo\\\/image\\\/\"}}]}<\/script>\n<!-- \/ Yoast SEO plugin. -->","yoast_head_json":{"title":"INICIACI\u00d3N - EUIPO BEACH VOLLEY TOURNAMENT ALICANTE 2024","robots":{"index":"index","follow":"follow","max-snippet":"max-snippet:-1","max-image-preview":"max-image-preview:large","max-video-preview":"max-video-preview:-1"},"canonical":"https:\/\/euipobeachvolley.es\/?page_id=472","og_locale":"es_ES","og_type":"article","og_title":"INICIACI\u00d3N - EUIPO BEACH VOLLEY TOURNAMENT ALICANTE 2024","og_description":"[vc_row row_content_width=\u00bbgrid\u00bb content_text_aligment=\u00bbcenter\u00bb css=\u00bb.vc_custom_1715084191118{background-position: center !important;background-repeat: no-repeat !important;background-size: cover !important;}\u00bb][vc_column][vc_column_text] INICIACI\u00d3N AL VOLEY [\/vc_column_text][vc_empty_space height=\u00bb30px\u00bb][vc_column_text] \u00a1Descubre el v\u00f3ley playa en la Playa de San Juan! \u00bfTe apetece empezar el d\u00eda con energ\u00eda, deporte y buen ambiente? Te invitamos a participar en una ma\u00f1ana \u00fanica de [&hellip;]","og_url":"https:\/\/euipobeachvolley.es\/?page_id=472","og_site_name":"EUIPO BEACH VOLLEY TOURNAMENT ALICANTE 2024","article_modified_time":"2025-05-15T07:08:45+00:00","og_image":[{"width":2560,"height":698,"url":"https:\/\/euipobeachvolley.es\/wp-content\/uploads\/2025\/05\/EUIPO_logo_in_English.svg_.png","type":"image\/png"}],"twitter_card":"summary_large_image","twitter_misc":{"Tiempo de lectura":"2 minutos"},"schema":{"@context":"https:\/\/schema.org","@graph":[{"@type":"WebPage","@id":"https:\/\/euipobeachvolley.es\/?page_id=472","url":"https:\/\/euipobeachvolley.es\/?page_id=472","name":"INICIACI\u00d3N - EUIPO BEACH VOLLEY TOURNAMENT ALICANTE 2024","isPartOf":{"@id":"https:\/\/euipobeachvolley.es\/#website"},"primaryImageOfPage":{"@id":"https:\/\/euipobeachvolley.es\/?page_id=472#primaryimage"},"image":{"@id":"https:\/\/euipobeachvolley.es\/?page_id=472#primaryimage"},"thumbnailUrl":"https:\/\/euipobeachvolley.es\/wp-content\/uploads\/2025\/05\/EUIPO_logo_in_English.svg_.png","datePublished":"2024-05-07T11:20:53+00:00","dateModified":"2025-05-15T07:08:45+00:00","breadcrumb":{"@id":"https:\/\/euipobeachvolley.es\/?page_id=472#breadcrumb"},"inLanguage":"es","potentialAction":[{"@type":"ReadAction","target":["https:\/\/euipobeachvolley.es\/?page_id=472"]}]},{"@type":"ImageObject","inLanguage":"es","@id":"https:\/\/euipobeachvolley.es\/?page_id=472#primaryimage","url":"https:\/\/euipobeachvolley.es\/wp-content\/uploads\/2025\/05\/EUIPO_logo_in_English.svg_.png","contentUrl":"https:\/\/euipobeachvolley.es\/wp-content\/uploads\/2025\/05\/EUIPO_logo_in_English.svg_.png","width":2560,"height":698},{"@type":"BreadcrumbList","@id":"https:\/\/euipobeachvolley.es\/?page_id=472#breadcrumb","itemListElement":[{"@type":"ListItem","position":1,"name":"Portada","item":"https:\/\/euipobeachvolley.es\/"},{"@type":"ListItem","position":2,"name":"INICIACI\u00d3N"}]},{"@type":"WebSite","@id":"https:\/\/euipobeachvolley.es\/#website","url":"https:\/\/euipobeachvolley.es\/","name":"EUIPO BEACH VOLLEY TOURNAMENT ALICANTE 2024","description":"","publisher":{"@id":"https:\/\/euipobeachvolley.es\/#organization"},"potentialAction":[{"@type":"SearchAction","target":{"@type":"EntryPoint","urlTemplate":"https:\/\/euipobeachvolley.es\/?s={search_term_string}"},"query-input":{"@type":"PropertyValueSpecification","valueRequired":true,"valueName":"search_term_string"}}],"inLanguage":"es"},{"@type":"Organization","@id":"https:\/\/euipobeachvolley.es\/#organization","name":"EUIPO BEACH VOLLEY TOURNAMENT ALICANTE 2024","url":"https:\/\/euipobeachvolley.es\/","logo":{"@type":"ImageObject","inLanguage":"es","@id":"https:\/\/euipobeachvolley.es\/#\/schema\/logo\/image\/","url":"","contentUrl":"","caption":"EUIPO BEACH VOLLEY TOURNAMENT ALICANTE 2024"},"image":{"@id":"https:\/\/euipobeachvolley.es\/#\/schema\/logo\/image\/"}}]}},"_links":{"self":[{"href":"https:\/\/euipobeachvolley.es\/index.php?rest_route=\/wp\/v2\/pages\/472","targetHints":{"allow":["GET"]}}],"collection":[{"href":"https:\/\/euipobeachvolley.es\/index.php?rest_route=\/wp\/v2\/pages"}],"about":[{"href":"https:\/\/euipobeachvolley.es\/index.php?rest_route=\/wp\/v2\/types\/page"}],"author":[{"embeddable":true,"href":"https:\/\/euipobeachvolley.es\/index.php?rest_route=\/wp\/v2\/users\/1"}],"replies":[{"embeddable":true,"href":"https:\/\/euipobeachvolley.es\/index.php?rest_route=%2Fwp%2Fv2%2Fcomments&post=472"}],"version-history":[{"count":13,"href":"https:\/\/euipobeachvolley.es\/index.php?rest_route=\/wp\/v2\/pages\/472\/revisions"}],"predecessor-version":[{"id":663,"href":"https:\/\/euipobeachvolley.es\/index.php?rest_route=\/wp\/v2\/pages\/472\/revisions\/663"}],"wp:attachment":[{"href":"https:\/\/euipobeachvolley.es\/index.php?rest_route=%2Fwp%2Fv2%2Fmedia&parent=472"}],"curies":[{"name":"wp","href":"https:\/\/api.w.org\/{rel}","templated":true}]}}