{"id":430,"date":"2024-05-06T11:56:47","date_gmt":"2024-05-06T11:56:47","guid":{"rendered":"https:\/\/euipobeachvolley.es\/?page_id=430"},"modified":"2025-05-14T11:46:33","modified_gmt":"2025-05-14T10:46:33","slug":"alicante","status":"publish","type":"page","link":"https:\/\/euipobeachvolley.es\/?page_id=430","title":{"rendered":"Alicante"},"content":{"rendered":"<section class=\"wpb-content-wrapper\"><p>[vc_row row_content_width=\u00bbgrid\u00bb content_text_aligment=\u00bbcenter\u00bb css=\u00bb.vc_custom_1715083505568{background-position: center !important;background-repeat: no-repeat !important;background-size: cover !important;}\u00bb][vc_column][vc_empty_space height=\u00bb60px\u00bb][vc_column_text]<img loading=\"lazy\" decoding=\"async\" class=\"wp-image-491 aligncenter\" src=\"https:\/\/euipobeachvolley.es\/wp-content\/uploads\/2024\/05\/Playa-de-San-Juan-casetas-de-colores-noviembre-2023-2-scaled-1.jpg\" alt=\"\" width=\"671\" height=\"503\" srcset=\"https:\/\/euipobeachvolley.es\/wp-content\/uploads\/2024\/05\/Playa-de-San-Juan-casetas-de-colores-noviembre-2023-2-scaled-1.jpg 2560w, https:\/\/euipobeachvolley.es\/wp-content\/uploads\/2024\/05\/Playa-de-San-Juan-casetas-de-colores-noviembre-2023-2-scaled-1-300x225.jpg 300w, https:\/\/euipobeachvolley.es\/wp-content\/uploads\/2024\/05\/Playa-de-San-Juan-casetas-de-colores-noviembre-2023-2-scaled-1-1024x768.jpg 1024w, https:\/\/euipobeachvolley.es\/wp-content\/uploads\/2024\/05\/Playa-de-San-Juan-casetas-de-colores-noviembre-2023-2-scaled-1-768x576.jpg 768w, https:\/\/euipobeachvolley.es\/wp-content\/uploads\/2024\/05\/Playa-de-San-Juan-casetas-de-colores-noviembre-2023-2-scaled-1-1536x1152.jpg 1536w, https:\/\/euipobeachvolley.es\/wp-content\/uploads\/2024\/05\/Playa-de-San-Juan-casetas-de-colores-noviembre-2023-2-scaled-1-800x600.jpg 800w\" sizes=\"auto, (max-width: 671px) 100vw, 671px\" \/><\/p>\n<p style=\"text-align: left;\">Alicante cuenta con una gran cantidad de playas que suponen uno de sus principales atractivos tur\u00edsticos. A\u00f1o tras a\u00f1o reciben el reconocimiento de la Uni\u00f3n Europea con Banderas Azules que les confieren un merecido prestigio internacional; consider\u00e1ndose de las mejores playas del litoral mediterr\u00e1neo:\u00a0<strong>Playa de San Juan<\/strong>,\u00a0<strong>Calas del Cabo de la Huerta<\/strong>,\u00a0<strong>Almadraba<\/strong>,\u00a0<strong>Albufereta<\/strong>,\u00a0<strong>Playa del Postiguet<\/strong>\u00a0y\u00a0<strong>Playa Saladares-Urbanova<\/strong>,\u00a0<strong>Playa Agua Amarga (La playa para perros)<\/strong>\u00a0y servicios de\u00a0<strong>playas accesibles<\/strong>.<\/p>\n<p style=\"text-align: left;\" data-wahfont=\"16\">La Playa de San Juan es un para\u00edso de arenas finas y aguas transparentes. Es la playa m\u00e1s conocida de Alicante y muy apreciada por los alicantinos, que disfrutan de ella durante todo el a\u00f1o. Este enorme arenal se extiende desde las playas del\u00a0<strong>Campello<\/strong>\u00a0hasta el<strong>\u00a0Cabo de la Huerta<\/strong><\/p>\n<p style=\"text-align: left;\" data-wahfont=\"16\">La playa est\u00e1 cerca del\u00a0<strong>campo de golf Alicante Golf<\/strong>\u00a0y en sus cercan\u00edas se encuentran hoteles de diferentes categor\u00edas, as\u00ed como numerosas plazas de aparcamiento p\u00fablico.<\/p>\n<p data-wahfont=\"16\"><img loading=\"lazy\" decoding=\"async\" class=\"wp-image-492 alignnone aligncenter\" src=\"https:\/\/euipobeachvolley.es\/wp-content\/uploads\/2024\/05\/playa-san-juan-area-accesible.jpg\" alt=\"\" width=\"623\" height=\"415\" srcset=\"https:\/\/euipobeachvolley.es\/wp-content\/uploads\/2024\/05\/playa-san-juan-area-accesible.jpg 1800w, https:\/\/euipobeachvolley.es\/wp-content\/uploads\/2024\/05\/playa-san-juan-area-accesible-300x200.jpg 300w, https:\/\/euipobeachvolley.es\/wp-content\/uploads\/2024\/05\/playa-san-juan-area-accesible-1024x683.jpg 1024w, https:\/\/euipobeachvolley.es\/wp-content\/uploads\/2024\/05\/playa-san-juan-area-accesible-768x512.jpg 768w, https:\/\/euipobeachvolley.es\/wp-content\/uploads\/2024\/05\/playa-san-juan-area-accesible-1536x1024.jpg 1536w\" sizes=\"auto, (max-width: 623px) 100vw, 623px\" \/><\/p>\n<p style=\"text-align: left;\" data-wahfont=\"16\">La Playa de San Juan cuenta con \u00e1reas para la pr\u00e1ctica de diferentes\u00a0<strong>deportes:<\/strong>\u00a0canchas de v\u00f3ley playa, mini porter\u00edas de f\u00fatbol, aparatos biosaludables y por supuesto, espacios para la pr\u00e1ctica de deportes n\u00e1uticos como el wind surf. A lo largo de toda la playa transcurre un paseo muy utilizado tambi\u00e9n por lo amantes del \u2018running\u2018 y los<strong>\u00a0ni\u00f1os<\/strong>\u00a0pueden disfrutar de lo lindo porque a pie de arena tienen divertidos juegos infantiles, toboganes y casetas con los que completar su experiencia de playa.<\/p>\n<p style=\"text-align: left;\" data-wahfont=\"16\">M\u00e1s informaci\u00f3n en la web de <a href=\"https:\/\/alicanteturismo.com\/\" target=\"_blank\" rel=\"noopener\">Turismo de Alicante<\/a><\/p>\n<p>[\/vc_column_text][vc_empty_space height=\u00bb120px\u00bb][vc_column_text]<img loading=\"lazy\" decoding=\"async\" class=\"alignnone wp-image-627 aligncenter\" src=\"https:\/\/euipobeachvolley.es\/wp-content\/uploads\/2025\/05\/EUIPO_logo_in_English.svg_.png\" alt=\"\" width=\"283\" height=\"77\" srcset=\"https:\/\/euipobeachvolley.es\/wp-content\/uploads\/2025\/05\/EUIPO_logo_in_English.svg_.png 2560w, https:\/\/euipobeachvolley.es\/wp-content\/uploads\/2025\/05\/EUIPO_logo_in_English.svg_-300x82.png 300w, https:\/\/euipobeachvolley.es\/wp-content\/uploads\/2025\/05\/EUIPO_logo_in_English.svg_-1024x279.png 1024w, https:\/\/euipobeachvolley.es\/wp-content\/uploads\/2025\/05\/EUIPO_logo_in_English.svg_-768x209.png 768w, https:\/\/euipobeachvolley.es\/wp-content\/uploads\/2025\/05\/EUIPO_logo_in_English.svg_-1536x419.png 1536w\" sizes=\"auto, (max-width: 283px) 100vw, 283px\" \/>[\/vc_column_text][vc_empty_space height=\u00bb120px\u00bb][vc_column_text]<\/p>\n<p style=\"text-align: center;\"><a href=\"https:\/\/euipo.blumm.it\/uploads\/originals\/privacy\/Organisation_events_training_and_meetings_es.pdf\" target=\"_blank\" rel=\"noopener\">AVISO LEGAL &#8211; POL\u00cdTICA DE PRIVACIDAD &#8211; COOKIES<\/a><\/p>\n<p>[\/vc_column_text][vc_empty_space height=\u00bb120px\u00bb][\/vc_column][\/vc_row]<\/p>\n<\/section>","protected":false},"excerpt":{"rendered":"<p>[vc_row row_content_width=\u00bbgrid\u00bb content_text_aligment=\u00bbcenter\u00bb css=\u00bb.vc_custom_1715083505568{background-position: center !important;background-repeat: no-repeat !important;background-size: cover !important;}\u00bb][vc_column][vc_empty_space height=\u00bb60px\u00bb][vc_column_text] Alicante cuenta con una gran cantidad de playas que suponen uno de sus principales atractivos tur\u00edsticos. A\u00f1o tras a\u00f1o reciben el reconocimiento de la Uni\u00f3n Europea con Banderas Azules que les confieren un merecido [&hellip;]<\/p>\n","protected":false},"author":1,"featured_media":0,"parent":0,"menu_order":0,"comment_status":"closed","ping_status":"closed","template":"full-width.php","meta":{"footnotes":""},"class_list":["post-430","page","type-page","status-publish","hentry"],"yoast_head":"<!-- This site is optimized with the Yoast SEO plugin v27.3 - https:\/\/yoast.com\/product\/yoast-seo-wordpress\/ -->\n<title>Alicante - EUIPO BEACH VOLLEY TOURNAMENT ALICANTE 2024<\/title>\n<meta name=\"robots\" content=\"index, follow, max-snippet:-1, max-image-preview:large, max-video-preview:-1\" \/>\n<link rel=\"canonical\" href=\"https:\/\/euipobeachvolley.es\/?page_id=430\" \/>\n<meta property=\"og:locale\" content=\"es_ES\" \/>\n<meta property=\"og:type\" content=\"article\" \/>\n<meta property=\"og:title\" content=\"Alicante - EUIPO BEACH VOLLEY TOURNAMENT ALICANTE 2024\" \/>\n<meta property=\"og:description\" content=\"[vc_row row_content_width=\u00bbgrid\u00bb content_text_aligment=\u00bbcenter\u00bb css=\u00bb.vc_custom_1715083505568{background-position: center !important;background-repeat: no-repeat !important;background-size: cover !important;}\u00bb][vc_column][vc_empty_space height=\u00bb60px\u00bb][vc_column_text] Alicante cuenta con una gran cantidad de playas que suponen uno de sus principales atractivos tur\u00edsticos. A\u00f1o tras a\u00f1o reciben el reconocimiento de la Uni\u00f3n Europea con Banderas Azules que les confieren un merecido [&hellip;]\" \/>\n<meta property=\"og:url\" content=\"https:\/\/euipobeachvolley.es\/?page_id=430\" \/>\n<meta property=\"og:site_name\" content=\"EUIPO BEACH VOLLEY TOURNAMENT ALICANTE 2024\" \/>\n<meta property=\"article:modified_time\" content=\"2025-05-14T10:46:33+00:00\" \/>\n<meta property=\"og:image\" content=\"https:\/\/euipobeachvolley.es\/wp-content\/uploads\/2024\/05\/Playa-de-San-Juan-casetas-de-colores-noviembre-2023-2-scaled-1.jpg\" \/>\n\t<meta property=\"og:image:width\" content=\"2560\" \/>\n\t<meta property=\"og:image:height\" content=\"1920\" \/>\n\t<meta property=\"og:image:type\" content=\"image\/jpeg\" \/>\n<meta name=\"twitter:card\" content=\"summary_large_image\" \/>\n<meta name=\"twitter:label1\" content=\"Tiempo de lectura\" \/>\n\t<meta name=\"twitter:data1\" content=\"2 minutos\" \/>\n<script type=\"application\/ld+json\" class=\"yoast-schema-graph\">{\"@context\":\"https:\\\/\\\/schema.org\",\"@graph\":[{\"@type\":\"WebPage\",\"@id\":\"https:\\\/\\\/euipobeachvolley.es\\\/?page_id=430\",\"url\":\"https:\\\/\\\/euipobeachvolley.es\\\/?page_id=430\",\"name\":\"Alicante - EUIPO BEACH VOLLEY TOURNAMENT ALICANTE 2024\",\"isPartOf\":{\"@id\":\"https:\\\/\\\/euipobeachvolley.es\\\/#website\"},\"primaryImageOfPage\":{\"@id\":\"https:\\\/\\\/euipobeachvolley.es\\\/?page_id=430#primaryimage\"},\"image\":{\"@id\":\"https:\\\/\\\/euipobeachvolley.es\\\/?page_id=430#primaryimage\"},\"thumbnailUrl\":\"https:\\\/\\\/euipobeachvolley.es\\\/wp-content\\\/uploads\\\/2024\\\/05\\\/Playa-de-San-Juan-casetas-de-colores-noviembre-2023-2-scaled-1.jpg\",\"datePublished\":\"2024-05-06T11:56:47+00:00\",\"dateModified\":\"2025-05-14T10:46:33+00:00\",\"breadcrumb\":{\"@id\":\"https:\\\/\\\/euipobeachvolley.es\\\/?page_id=430#breadcrumb\"},\"inLanguage\":\"es\",\"potentialAction\":[{\"@type\":\"ReadAction\",\"target\":[\"https:\\\/\\\/euipobeachvolley.es\\\/?page_id=430\"]}]},{\"@type\":\"ImageObject\",\"inLanguage\":\"es\",\"@id\":\"https:\\\/\\\/euipobeachvolley.es\\\/?page_id=430#primaryimage\",\"url\":\"https:\\\/\\\/euipobeachvolley.es\\\/wp-content\\\/uploads\\\/2024\\\/05\\\/Playa-de-San-Juan-casetas-de-colores-noviembre-2023-2-scaled-1.jpg\",\"contentUrl\":\"https:\\\/\\\/euipobeachvolley.es\\\/wp-content\\\/uploads\\\/2024\\\/05\\\/Playa-de-San-Juan-casetas-de-colores-noviembre-2023-2-scaled-1.jpg\",\"width\":2560,\"height\":1920,\"caption\":\"oplus_0\"},{\"@type\":\"BreadcrumbList\",\"@id\":\"https:\\\/\\\/euipobeachvolley.es\\\/?page_id=430#breadcrumb\",\"itemListElement\":[{\"@type\":\"ListItem\",\"position\":1,\"name\":\"Portada\",\"item\":\"https:\\\/\\\/euipobeachvolley.es\\\/\"},{\"@type\":\"ListItem\",\"position\":2,\"name\":\"Alicante\"}]},{\"@type\":\"WebSite\",\"@id\":\"https:\\\/\\\/euipobeachvolley.es\\\/#website\",\"url\":\"https:\\\/\\\/euipobeachvolley.es\\\/\",\"name\":\"EUIPO BEACH VOLLEY TOURNAMENT ALICANTE 2024\",\"description\":\"\",\"publisher\":{\"@id\":\"https:\\\/\\\/euipobeachvolley.es\\\/#organization\"},\"potentialAction\":[{\"@type\":\"SearchAction\",\"target\":{\"@type\":\"EntryPoint\",\"urlTemplate\":\"https:\\\/\\\/euipobeachvolley.es\\\/?s={search_term_string}\"},\"query-input\":{\"@type\":\"PropertyValueSpecification\",\"valueRequired\":true,\"valueName\":\"search_term_string\"}}],\"inLanguage\":\"es\"},{\"@type\":\"Organization\",\"@id\":\"https:\\\/\\\/euipobeachvolley.es\\\/#organization\",\"name\":\"EUIPO BEACH VOLLEY TOURNAMENT ALICANTE 2024\",\"url\":\"https:\\\/\\\/euipobeachvolley.es\\\/\",\"logo\":{\"@type\":\"ImageObject\",\"inLanguage\":\"es\",\"@id\":\"https:\\\/\\\/euipobeachvolley.es\\\/#\\\/schema\\\/logo\\\/image\\\/\",\"url\":\"\",\"contentUrl\":\"\",\"caption\":\"EUIPO BEACH VOLLEY TOURNAMENT ALICANTE 2024\"},\"image\":{\"@id\":\"https:\\\/\\\/euipobeachvolley.es\\\/#\\\/schema\\\/logo\\\/image\\\/\"}}]}<\/script>\n<!-- \/ Yoast SEO plugin. -->","yoast_head_json":{"title":"Alicante - EUIPO BEACH VOLLEY TOURNAMENT ALICANTE 2024","robots":{"index":"index","follow":"follow","max-snippet":"max-snippet:-1","max-image-preview":"max-image-preview:large","max-video-preview":"max-video-preview:-1"},"canonical":"https:\/\/euipobeachvolley.es\/?page_id=430","og_locale":"es_ES","og_type":"article","og_title":"Alicante - EUIPO BEACH VOLLEY TOURNAMENT ALICANTE 2024","og_description":"[vc_row row_content_width=\u00bbgrid\u00bb content_text_aligment=\u00bbcenter\u00bb css=\u00bb.vc_custom_1715083505568{background-position: center !important;background-repeat: no-repeat !important;background-size: cover !important;}\u00bb][vc_column][vc_empty_space height=\u00bb60px\u00bb][vc_column_text] Alicante cuenta con una gran cantidad de playas que suponen uno de sus principales atractivos tur\u00edsticos. A\u00f1o tras a\u00f1o reciben el reconocimiento de la Uni\u00f3n Europea con Banderas Azules que les confieren un merecido [&hellip;]","og_url":"https:\/\/euipobeachvolley.es\/?page_id=430","og_site_name":"EUIPO BEACH VOLLEY TOURNAMENT ALICANTE 2024","article_modified_time":"2025-05-14T10:46:33+00:00","og_image":[{"width":2560,"height":1920,"url":"https:\/\/euipobeachvolley.es\/wp-content\/uploads\/2024\/05\/Playa-de-San-Juan-casetas-de-colores-noviembre-2023-2-scaled-1.jpg","type":"image\/jpeg"}],"twitter_card":"summary_large_image","twitter_misc":{"Tiempo de lectura":"2 minutos"},"schema":{"@context":"https:\/\/schema.org","@graph":[{"@type":"WebPage","@id":"https:\/\/euipobeachvolley.es\/?page_id=430","url":"https:\/\/euipobeachvolley.es\/?page_id=430","name":"Alicante - EUIPO BEACH VOLLEY TOURNAMENT ALICANTE 2024","isPartOf":{"@id":"https:\/\/euipobeachvolley.es\/#website"},"primaryImageOfPage":{"@id":"https:\/\/euipobeachvolley.es\/?page_id=430#primaryimage"},"image":{"@id":"https:\/\/euipobeachvolley.es\/?page_id=430#primaryimage"},"thumbnailUrl":"https:\/\/euipobeachvolley.es\/wp-content\/uploads\/2024\/05\/Playa-de-San-Juan-casetas-de-colores-noviembre-2023-2-scaled-1.jpg","datePublished":"2024-05-06T11:56:47+00:00","dateModified":"2025-05-14T10:46:33+00:00","breadcrumb":{"@id":"https:\/\/euipobeachvolley.es\/?page_id=430#breadcrumb"},"inLanguage":"es","potentialAction":[{"@type":"ReadAction","target":["https:\/\/euipobeachvolley.es\/?page_id=430"]}]},{"@type":"ImageObject","inLanguage":"es","@id":"https:\/\/euipobeachvolley.es\/?page_id=430#primaryimage","url":"https:\/\/euipobeachvolley.es\/wp-content\/uploads\/2024\/05\/Playa-de-San-Juan-casetas-de-colores-noviembre-2023-2-scaled-1.jpg","contentUrl":"https:\/\/euipobeachvolley.es\/wp-content\/uploads\/2024\/05\/Playa-de-San-Juan-casetas-de-colores-noviembre-2023-2-scaled-1.jpg","width":2560,"height":1920,"caption":"oplus_0"},{"@type":"BreadcrumbList","@id":"https:\/\/euipobeachvolley.es\/?page_id=430#breadcrumb","itemListElement":[{"@type":"ListItem","position":1,"name":"Portada","item":"https:\/\/euipobeachvolley.es\/"},{"@type":"ListItem","position":2,"name":"Alicante"}]},{"@type":"WebSite","@id":"https:\/\/euipobeachvolley.es\/#website","url":"https:\/\/euipobeachvolley.es\/","name":"EUIPO BEACH VOLLEY TOURNAMENT ALICANTE 2024","description":"","publisher":{"@id":"https:\/\/euipobeachvolley.es\/#organization"},"potentialAction":[{"@type":"SearchAction","target":{"@type":"EntryPoint","urlTemplate":"https:\/\/euipobeachvolley.es\/?s={search_term_string}"},"query-input":{"@type":"PropertyValueSpecification","valueRequired":true,"valueName":"search_term_string"}}],"inLanguage":"es"},{"@type":"Organization","@id":"https:\/\/euipobeachvolley.es\/#organization","name":"EUIPO BEACH VOLLEY TOURNAMENT ALICANTE 2024","url":"https:\/\/euipobeachvolley.es\/","logo":{"@type":"ImageObject","inLanguage":"es","@id":"https:\/\/euipobeachvolley.es\/#\/schema\/logo\/image\/","url":"","contentUrl":"","caption":"EUIPO BEACH VOLLEY TOURNAMENT ALICANTE 2024"},"image":{"@id":"https:\/\/euipobeachvolley.es\/#\/schema\/logo\/image\/"}}]}},"_links":{"self":[{"href":"https:\/\/euipobeachvolley.es\/index.php?rest_route=\/wp\/v2\/pages\/430","targetHints":{"allow":["GET"]}}],"collection":[{"href":"https:\/\/euipobeachvolley.es\/index.php?rest_route=\/wp\/v2\/pages"}],"about":[{"href":"https:\/\/euipobeachvolley.es\/index.php?rest_route=\/wp\/v2\/types\/page"}],"author":[{"embeddable":true,"href":"https:\/\/euipobeachvolley.es\/index.php?rest_route=\/wp\/v2\/users\/1"}],"replies":[{"embeddable":true,"href":"https:\/\/euipobeachvolley.es\/index.php?rest_route=%2Fwp%2Fv2%2Fcomments&post=430"}],"version-history":[{"count":11,"href":"https:\/\/euipobeachvolley.es\/index.php?rest_route=\/wp\/v2\/pages\/430\/revisions"}],"predecessor-version":[{"id":629,"href":"https:\/\/euipobeachvolley.es\/index.php?rest_route=\/wp\/v2\/pages\/430\/revisions\/629"}],"wp:attachment":[{"href":"https:\/\/euipobeachvolley.es\/index.php?rest_route=%2Fwp%2Fv2%2Fmedia&parent=430"}],"curies":[{"name":"wp","href":"https:\/\/api.w.org\/{rel}","templated":true}]}}